digit of u(o)?
2
Suppose -3*h + 8*h - 10 = 0. Let n = h - 0. What is the units digit of (-15)/(-9) + n/(-3)?
1
Let w(p) = -2*p - 4. Let d be w(-4). Let m(f) = -13*f + 124. Let i be m(8). Suppose -d*r + 40 + i = 0. What is the tens digit of r?
1
Let u be ((-8)/(-6))/(5/75). Suppose -4*s + 2*s = -u. What is the units digit of ((-24)/s)/((-2)/10)?
2
Suppose 0 = -14*a + 22*a - 7944. What is the hundreds digit of a?
9
Let x be -4 - -39*(-4)/(-3). Let d = x + 1. What is the units digit of d?
9
Suppose v - 520 = 6*v. Let p = v + 148. What is the units digit of p?
4
Let t be ((-2112)/20)/(-6)*5. Let i = -30 + t. What is the units digit of i?
8
Let q = -28 + -10. Let k = q - -109. What is the tens digit of k?
7
Let w = -101 - -107. Let v(g) = g**3 + g**2 + 9*g - 7. What is the tens digit of v(w)?
9
Suppose -5*w + 5*k - 5 = 0, -2*k + 11 = -5*w + k. What is the units digit of 70 - (w + 3 + 5)?
6
Let x = -2 - -2. Suppose -3*r + 1 + 11 = x. Suppose -3*f - m = 2*m - 51, -2*f + r*m = -52. What is the units digit of f?
0
Let n be -2 - -8 - 3*(3 - 2). Suppose n*c + c = 84. What is the tens digit of c?
2
Let o(j) = -j**3 - 24*j**2 + 56*j + 59. What is the hundreds digit of o(-28)?
6
Suppose -5*h + 2*g = -18757, 3*h + 2*h = -7*g + 18748. What is the hundreds digit of h?
7
Suppose 0 = 5*b - 17 + 2. Suppose 0 = 168*o - 169*o. Suppose -b*t - 9 + 54 = o. What is the units digit of t?
5
Let t be 26/6 + (-4)/12. Let w = 61 - t. Suppose -5*y - 57 = -3*v, -v - w = -4*v - 4*y. What is the tens digit of v?
1
Let o be 0 - -2 - (-1485)/9. Let i = o - 74. What is the units digit of i?
3
Suppose 102*h - 87*h = 32535. What is the hundreds digit of h?
1
Suppose 11*x = 21*x + 60. What is the tens digit of (-849)/x - 4/8?
4
Suppose -2*s = x - 306, -3*s - 32 = 5*x - 491. What is the tens digit of s?
5
Let h(k) = -5*k - 102. Let t be h(-20). Let n(b) = 9*b - 7. Let q be n(-6). What is the units digit of q/(-2) + t/4?
0
Suppose 0 = -2*h - 234 - 306. Let m be (2/4)/((-9)/h). Let u = 19 - m. What is the units digit of u?
4
Suppose 54 = 10*p - 7*p. Let m = p - 17. What is the tens digit of (m - -8)/((-3)/(-8))?
2
Let z be (-78)/(-16) - 5 - (-89)/8. Let h = 46 - z. What is the units digit of h?
5
Suppose -22*d + 31*d - 3123 = 0. What is the units digit of d?
7
Let j be (-3)/(-4) - (-11550)/56. Let b = j - 125. What is the tens digit of b?
8
Let m = 171 - -32. Let a = 290 - m. What is the tens digit of a?
8
Suppose -40*x = -44*x + 884. Let g = -42 + x. What is the tens digit of g?
7
Suppose f + 18 = -5*f. What is the units digit of f*((-28)/21 + 68/(-3))?
2
Let c = -218 - -316. Suppose 94 + c = 3*z. Suppose -4*f + z = -4*u + 3*u, -2*f = -3*u - 32. What is the units digit of f?
6
Let j(r) be the first derivative of -r**4/12 + 7*r**3/3 + 9*r**2/2 - 3. Let s(l) be the second derivative of j(l). What is the tens digit of s(-6)?
2
Let m(u) = -u**3 - 9*u**2 - 14*u - 1. Let l be m(-7). What is the units digit of (0 + 2)*l*6/(-4)?
3
Suppose -2*x + 2*o = -12, -5*o - 34 = -2*x - 13. Suppose -14 = x*b + 1, 3*w - 149 = -2*b. What is the units digit of w?
3
Let l(i) = i**3 - 2*i**2 + 4*i + 1. Let o = 2 - -1. What is the units digit of l(o)?
2
Let o(k) be the first derivative of -k**4/4 - 14*k**3/3 + 5*k**2 - 16*k + 7. What is the units digit of o(-15)?
9
Suppose 2*r - 7*v = -11*v + 2678, 3*r - 2*v - 4001 = 0. What is the thousands digit of r?
1
Let j(a) = -2*a**3 - 5*a**2 + 37*a - 10. What is the tens digit of j(-13)?
5
Let d = 636 + -235. What is the hundreds digit of d?
4
Suppose 5*c + 512 - 2177 = 0. What is the tens digit of c?
3
Suppose -4*h = -h + 6. What is the units digit of h + 86/(-4)*-2?
1
Let j(s) = -33*s - 33*s + 57*s. What is the units digit of j(-5)?
5
Let b = 31 + -104. Suppose 2*w - 20 = 2*x, 4*x + 9 = -5*w + 23. What is the units digit of b/(-2) + w/12?
7
Let z be -4*2/(1 + -3). Let k be (33/(-6))/(1/(-2)). What is the tens digit of z/(-22) + 167/k?
1
Let s = -1287 + 1879. What is the units digit of s?
2
Let c be 24/36 - 202/6. Let f = 30 + c. Let u(p) = 6*p**2 + 5*p - 7. What is the tens digit of u(f)?
3
What is the tens digit of (0 + -2)/(16920/(-2817) - -6)?
1
Let f(p) = -18*p - 14. What is the hundreds digit of f(-18)?
3
What is the hundreds digit of (-10)/(-4)*(4701/15 - 5)?
7
Suppose 0 = -12*u + 13*u + x - 3580, 0 = -3*x - 15. What is the tens digit of u?
8
Suppose 0 = 2*x - 103 - 21. What is the units digit of (x/6)/((-3)/(-9))?
1
What is the tens digit of 5/(-4) - (43659/(-44) + 15)?
7
Suppose -6*f = 4*f + 2320. Let c = f + 362. What is the units digit of c?
0
Let t(i) = 6*i**2 - 6*i + 1. Let p be t(-5). Let h = -129 + p. What is the tens digit of h?
5
What is the tens digit of 4 + 6 + (-2754)/(-6)?
6
Let h(a) = -5367*a**3 - 3*a**2 - 5*a - 1. What is the thousands digit of h(-1)?
5
Suppose 0 = 5*z - w - 276, -2*z + 5*w = -104 + 12. Suppose 0 = -3*i + z + 538. What is the hundreds digit of i?
1
Let w = -6 - 0. Let c(m) = m**3 + 7*m**2 + 5*m - 4. Let x be c(w). Suppose -4*p + 62 = -0*d + 3*d, -x*d + 30 = 2*p. What is the units digit of p?
7
Let c = -12 - -9. Let f be (4/c)/(10/(-30)). Suppose -b + 9 = -3*o, f = 4*b + 4*o - 0*o. What is the units digit of b?
3
Suppose f = 21 + 8. Suppose -2*w + 5*z = -4*w - f, 0 = 4*w + 3*z + 23. Let y = 8 + w. What is the units digit of y?
6
Let c(g) = 8*g**3 + g**2 + 15*g - 9. What is the tens digit of c(4)?
7
Let o = 154 + -60. Let f = -66 + o. Suppose -p = -23 - f. What is the units digit of p?
1
Let m(u) = -u**3 + 17*u**2 - 14*u - 14. Let f be m(16). Suppose -16*y = -f*y + 10, -y + 267 = b. What is the hundreds digit of b?
2
Let b be 345/45 + (-1)/(-3). Let g(u) = 3*u**2 - 20*u - 8. What is the units digit of g(b)?
4
Let f(t) = t**3 + 7*t**2 + 5*t + 5. Let j be f(-6). Suppose -200 = 7*p - j*p. Suppose 0 = 3*n + a - p + 5, 3*a = 4*n - 47. What is the tens digit of n?
1
Suppose 26*w - 25 = 21*w. Suppose -4*b = w*z - 200 - 70, -201 = -3*b - 3*z. What is the tens digit of b?
6
Suppose 0 = 2*h + d - 847, 3*h - 2*d - 1275 = d. What is the tens digit of h?
2
Let r(o) = -o**3 + 28*o**2 + 15*o - 414. What is the thousands digit of r(25)?
1
Let p(w) = -w**3 - 3*w**2 + 8*w + 16. Let l be p(-4). Suppose -12*f + 104 + 3124 = l. What is the hundreds digit of f?
2
Let q(i) = 3*i**2 - 8*i + 10. What is the hundreds digit of q(-11)?
4
What is the tens digit of 601 + (-1)/((-2)/(-12))?
9
Let x(f) = -1360*f - 2. What is the thousands digit of x(-1)?
1
What is the thousands digit of (2 - -4) + 11*161?
1
Let z = -35 + 46. Let q(i) = -i**3 + 13*i**2 - 16*i + 13. What is the units digit of q(z)?
9
Let h = -24 + 49. Let w be (-2)/5 + (-140)/h. What is the units digit of 2*1*w/(-12)?
1
Let i(u) be the first derivative of 1/2*u**2 - 4 + 1/3*u**3 + 26*u. What is the units digit of i(0)?
6
Suppose 15104 = -103*v + 101*v. What is the hundreds digit of v/(-48) + (-2)/6?
1
Suppose -5*t + 9 - 59 = -2*g, -3*g + 25 = 5*t. Let v = -19 + g. What is the tens digit of 1/v*(-1116)/9?
3
Suppose 5*l = h + 39, -h + 5*l = -6*h - 45. Let i(c) = -5*c - 18. What is the tens digit of i(h)?
5
Let x = -201 - -3409. What is the tens digit of x?
0
Let m(n) = -n**2 - 26*n + 25. Let y be m(-17). Suppose -5*k = -773 + y. What is the tens digit of k?
1
Suppose 2*h - 5*h + 3*d + 66 = 0, -d + 78 = 4*h. Let g be (-1)/(h/(-8) - -3). What is the units digit of ((-259)/g)/7*2?
7
What is the tens digit of 2/(-5)*-13*45?
3
Suppose 0 = z + r - 3283, -z - 104*r + 3308 = -108*r. What is the hundreds digit of z?
2
Let q be 16/(-10)*(-5)/2. Suppose -8*j + 16 = -q*j. What is the units digit of ((-8)/(-5))/(j/110)?
4
Suppose 0 = -5*h + 2*h + 3. Let m be -3 - -6 - 0/h. Suppose 4*c - 32 = -5*a, m*c - 7*c + 28 = 4*a. What is the units digit of c?
3
Let n = 1906 - 1501. What is the units digit of n?
5
Let p be (0/2 - -5)*1. Suppose -3*z + 100 = -20. Suppose -v - 3*i = -26, -z = -p*v + i + 42. What is the tens digit of v?
1
Let u = -65 + 80. What is the units digit of 3/u + (-1072)/(-40)?
7
Let d(g) = g**3 + 5*g**2 - 3*g - 1. Let v be d(3). Suppose -o + v = a + 4*o, 2*o = 5*a - 175. What is the units digit of a?
7
Suppose -2*l + 275 = 9*l. Let q = 153 - l. What is the units digit of q?
8
Suppose 0 = 4*z - 688 + 124. What is the hundreds digit of z?
1
Let g = -71 - -107. Let p be (-2)/12 - (-6)/g. Suppose 5*c